{"id":195,"date":"2024-08-21T14:49:08","date_gmt":"2024-08-21T12:49:08","guid":{"rendered":"https:\/\/gmz.ckziu1.gda.pl\/?page_id=195"},"modified":"2025-11-07T12:40:49","modified_gmt":"2025-11-07T11:40:49","slug":"zsl","status":"publish","type":"page","link":"https:\/\/gmz.ckziu1.gda.pl\/index.php\/kursy\/zsl\/","title":{"rendered":"ZS\u0141"},"content":{"rendered":"\n<figure class=\"wp-block-image size-full\"><img loading=\"lazy\" decoding=\"async\" width=\"964\" height=\"622\" src=\"https:\/\/gmz.ckziu1.gda.pl\/wp-content\/uploads\/2025\/11\/image-4.png\" alt=\"\" class=\"wp-image-965\" srcset=\"https:\/\/gmz.ckziu1.gda.pl\/wp-content\/uploads\/2025\/11\/image-4.png 964w, https:\/\/gmz.ckziu1.gda.pl\/wp-content\/uploads\/2025\/11\/image-4-300x194.png 300w, https:\/\/gmz.ckziu1.gda.pl\/wp-content\/uploads\/2025\/11\/image-4-768x496.png 768w\" sizes=\"auto, (max-width: 964px) 100vw, 964px\" \/><\/figure>\n\n\n\n<p>Z<strong>ESP\u00d3\u0141 SZK\u00d3\u0141 \u0141\u0104CZNO\u015aCI<\/strong><\/p>\n\n\n\n<p><strong>Bran\u017ca INFORMATYCZNA<\/strong><\/p>\n\n\n\n<ol class=\"wp-block-list\">\n<li>AUTO CAD poziom I i II<\/li>\n\n\n\n<li>Autodesk Inventor poziom I<\/li>\n\n\n\n<li>Javascript i jQuery od podstaw &#8211; Kurs programistyczny<\/li>\n\n\n\n<li>Operator drona<\/li>\n\n\n\n<li>Prawo jazdy kat. B<\/li>\n\n\n\n<li>SEP &#8211; uprawnienia energetyczne<\/li>\n\n\n\n<li>Szkolenie przygotowuj\u0105ce do egzaminu The Linux Foundation Certified System Administrator (wraz z egzaminem)<\/li>\n\n\n\n<li>Tester oprogramowania &#8211; przygotowanie do egzaminu certyfikuj\u0105cego ISTQB Poziom podstawowy Foundation Level (z egzaminem)<\/li>\n\n\n\n<li>Tworzenie stron www (WordPress CMS) &#8211; Kurs programistyczny<\/li>\n\n\n\n<li>Wst\u0119p do React &#8211; Kurs programistyczny<\/li>\n\n\n\n<li>Programowanie aplikacji mobilnych<\/li>\n\n\n\n<li>Wst\u0119p do techniki \u015bwiat\u0142owodowej. Teoria + praktyka spawanie i pomiary \u015bwiat\u0142owod\u00f3w<\/li>\n<\/ol>\n\n\n\n<p><strong>Bran\u017ca ELEKTRONICZNO-MECHATRONICZNA<\/strong><\/p>\n\n\n\n<ol class=\"wp-block-list\">\n<li>AUTO CAD poziom I i II<\/li>\n\n\n\n<li>Autodesk Inventor poziom I<\/li>\n\n\n\n<li>Monitoring &#8211; od budowy do praktycznego dzia\u0142ania<\/li>\n\n\n\n<li>Projektowanie obwod\u00f3w PCB<\/li>\n\n\n\n<li>Wst\u0119p do techniki \u015bwiat\u0142owodowej. Teoria + praktyka spawanie i pomiary \u015bwiat\u0142owod\u00f3w<\/li>\n\n\n\n<li>Operator drona<\/li>\n\n\n\n<li>Prawo jazdy kat. B<\/li>\n\n\n\n<li>SEP &#8211; uprawnienia energetyczne<\/li>\n<\/ol>\n","protected":false},"excerpt":{"rendered":"<p>ZESP\u00d3\u0141 SZK\u00d3\u0141 \u0141\u0104CZNO\u015aCI Bran\u017ca INFORMATYCZNA Bran\u017ca ELEKTRONICZNO-MECHATRONICZNA<\/p>\n","protected":false},"author":1,"featured_media":0,"parent":29,"menu_order":0,"comment_status":"closed","ping_status":"closed","template":"","meta":{"footnotes":""},"class_list":["post-195","page","type-page","status-publish","hentry"],"_links":{"self":[{"href":"https:\/\/gmz.ckziu1.gda.pl\/index.php\/wp-json\/wp\/v2\/pages\/195","targetHints":{"allow":["GET"]}}],"collection":[{"href":"https:\/\/gmz.ckziu1.gda.pl\/index.php\/wp-json\/wp\/v2\/pages"}],"about":[{"href":"https:\/\/gmz.ckziu1.gda.pl\/index.php\/wp-json\/wp\/v2\/types\/page"}],"author":[{"embeddable":true,"href":"https:\/\/gmz.ckziu1.gda.pl\/index.php\/wp-json\/wp\/v2\/users\/1"}],"replies":[{"embeddable":true,"href":"https:\/\/gmz.ckziu1.gda.pl\/index.php\/wp-json\/wp\/v2\/comments?post=195"}],"version-history":[{"count":9,"href":"https:\/\/gmz.ckziu1.gda.pl\/index.php\/wp-json\/wp\/v2\/pages\/195\/revisions"}],"predecessor-version":[{"id":966,"href":"https:\/\/gmz.ckziu1.gda.pl\/index.php\/wp-json\/wp\/v2\/pages\/195\/revisions\/966"}],"up":[{"embeddable":true,"href":"https:\/\/gmz.ckziu1.gda.pl\/index.php\/wp-json\/wp\/v2\/pages\/29"}],"wp:attachment":[{"href":"https:\/\/gmz.ckziu1.gda.pl\/index.php\/wp-json\/wp\/v2\/media?parent=195"}],"curies":[{"name":"wp","href":"https:\/\/api.w.org\/{rel}","templated":true}]}}